{"id":469,"date":"2017-08-05T19:29:29","date_gmt":"2017-08-05T17:29:29","guid":{"rendered":"https:\/\/staging.titelschutz.ch\/?page_id=469"},"modified":"2017-08-05T19:32:13","modified_gmt":"2017-08-05T17:32:13","slug":"hvad-er-titelbeskyttelse","status":"publish","type":"page","link":"https:\/\/titelschutz.ch\/da\/was-ist-titelschutz\/","title":{"rendered":"Hvad er titelbeskyttelse?"},"content":{"rendered":"<div id=\"pl-469\"  class=\"panel-layout\" ><div id=\"pg-469-0\"  class=\"panel-grid panel-has-style\" ><div style=\"padding: 100px 0; \" data-overlay=\"true\" data-overlay-color=\"#000000\" class=\"panel-row-style panel-row-style-for-469-0\" ><div id=\"pgc-469-0-0\"  class=\"panel-grid-cell panel-grid-cell-empty\" ><\/div><div id=\"pgc-469-0-1\"  class=\"panel-grid-cell panel-grid-cell-mobile-last\" ><div id=\"panel-469-0-1-0\" class=\"so-panel widget widget_sow-editor panel-first-child panel-last-child\" data-index=\"0\" ><div style=\"text-align: left;\" data-title-color=\"#443f3f\" data-headings-color=\"#443f3f\" class=\"panel-widget-style panel-widget-style-for-469-0-1-0\" ><div\n\t\t\t\n\t\t\tclass=\"so-widget-sow-editor so-widget-sow-editor-base\"\n\t\t\t\n\t\t>\n<div class=\"siteorigin-widget-tinymce textwidget\">\n\t<p>V\u00e6rktitlen er betegnelsen eller navnet p\u00e5 et kunstv\u00e6rk og en vigtig faktor for en vellykket markedsf\u00f8ring af en bog. Titlen tjener til at differentiere v\u00e6rket fra andre v\u00e6rker af samme art. Indholdet af et kunstv\u00e6rk g\u00f8res klart tilg\u00e6ngeligt. V\u00e6rktitlen g\u00f8r det muligt at anmelde og tilbyde et v\u00e6rk uden risiko for forveksling, s\u00e5 alle har det samme v\u00e6rk for \u00f8je under denne titel.<\/p>\n<p> Ikke kun i samarbejdet med forlag, men ogs\u00e5 hos selvudgivere opst\u00e5r der is\u00e6r \u00e9t sp\u00f8rgsm\u00e5l inden udgivelsen af deres v\u00e6rk: Hvem ejer v\u00e6rkets titel? Hvilken titel der m\u00e5 v\u00e6lges til v\u00e6rket, afh\u00e6nger af, om denne titel allerede tilh\u00f8rer nogen \u2013 alts\u00e5 om en forfatter eller udgiver har registreret den p\u00e5g\u00e6ldende titelbeskyttelse eller allerede bruger den. Efter registrering af titlen er v\u00e6rkets titel beskyttet af ophavsretten og m\u00e5 kun bruges i forbindelse med det p\u00e5g\u00e6ldende v\u00e6rks indhold. P\u00e5 denne m\u00e5de undg\u00e5s forvekslinger, s\u00e5 der kan finde en universel diskussion om v\u00e6rkerne sted. Selv uden en titelbeskyttelsesanmeldelse m\u00e5 anvendte titler ikke genbruges i samme branche.<\/p>\n<\/div>\n<\/div><\/div><\/div><\/div><div id=\"pgc-469-0-2\"  class=\"panel-grid-cell panel-grid-cell-empty\" ><\/div><\/div><\/div><\/div>","protected":false},"excerpt":{"rendered":"<p>Der Werktitel ist die Bezeichnung oder der Name eines Kunstwerks und ein wichtiger Faktor f\u00fcr die erfolgreiche Vermarktung eines Buches. Der Titel [&hellip;]<\/p>\n","protected":false},"author":10,"featured_media":0,"parent":0,"menu_order":0,"comment_status":"closed","ping_status":"closed","template":"page-templates\/page_fullwidth.php","meta":{"footnotes":""},"class_list":["post-469","page","type-page","status-publish","hentry"],"_links":{"self":[{"href":"https:\/\/titelschutz.ch\/da\/wp-json\/wp\/v2\/pages\/469","targetHints":{"allow":["GET"]}}],"collection":[{"href":"https:\/\/titelschutz.ch\/da\/wp-json\/wp\/v2\/pages"}],"about":[{"href":"https:\/\/titelschutz.ch\/da\/wp-json\/wp\/v2\/types\/page"}],"author":[{"embeddable":true,"href":"https:\/\/titelschutz.ch\/da\/wp-json\/wp\/v2\/users\/10"}],"replies":[{"embeddable":true,"href":"https:\/\/titelschutz.ch\/da\/wp-json\/wp\/v2\/comments?post=469"}],"version-history":[{"count":0,"href":"https:\/\/titelschutz.ch\/da\/wp-json\/wp\/v2\/pages\/469\/revisions"}],"wp:attachment":[{"href":"https:\/\/titelschutz.ch\/da\/wp-json\/wp\/v2\/media?parent=469"}],"curies":[{"name":"wp","href":"https:\/\/api.w.org\/{rel}","templated":true}]}}

<div id="pl-469"  class="panel-layout" ><div id="pg-469-0"  class="panel-grid panel-has-style" ><div style="padding: 100px 0; " data-overlay="true" data-overlay-color="#000000" class="panel-row-style panel-row-style-for-469-0" ><div id="pgc-469-0-0"  class="panel-grid-cell panel-grid-cell-empty" ></div><div id="pgc-469-0-1"  class="panel-grid-cell panel-grid-cell-mobile-last" ><div id="panel-469-0-1-0" class="so-panel widget widget_sow-editor panel-first-child panel-last-child" data-index="0" ><div style="text-align: left;" data-title-color="#443f3f" data-headings-color="#443f3f" class="panel-widget-style panel-widget-style-for-469-0-1-0" ><div
			
			class="so-widget-sow-editor so-widget-sow-editor-base"
			
		>
<div class="siteorigin-widget-tinymce textwidget">
	<p>Værktitlen er betegnelsen eller navnet på et kunstværk og en vigtig faktor for en vellykket markedsføring af en bog. Titlen tjener til at differentiere værket fra andre værker af samme art. Indholdet af et kunstværk gøres klart tilgængeligt. Værktitlen gør det muligt at anmelde og tilbyde et værk uden risiko for forveksling, så alle har det samme værk for øje under denne titel.</p>
<p> Ikke kun i samarbejdet med forlag, men også hos selvudgivere opstår der især ét spørgsmål inden udgivelsen af deres værk: Hvem ejer værkets titel? Hvilken titel der må vælges til værket, afhænger af, om denne titel allerede tilhører nogen – altså om en forfatter eller udgiver har registreret den pågældende titelbeskyttelse eller allerede bruger den. Efter registrering af titlen er værkets titel beskyttet af ophavsretten og må kun bruges i forbindelse med det pågældende værks indhold. På denne måde undgås forvekslinger, så der kan finde en universel diskussion om værkerne sted. Selv uden en titelbeskyttelsesanmeldelse må anvendte titler ikke genbruges i samme branche.</p>
</div>
</div></div></div></div><div id="pgc-469-0-2"  class="panel-grid-cell panel-grid-cell-empty" ></div></div></div></div>

<p>Der Werktitel ist die Bezeichnung oder der Name eines Kunstwerks und ein wichtiger Faktor für die erfolgreiche Vermarktung eines Buches. Der Titel [&hellip;]</p>
