{"id":434,"date":"2017-08-05T18:19:58","date_gmt":"2017-08-05T16:19:58","guid":{"rendered":"https:\/\/staging.titelschutz.ch\/datenschutzbelehrung\/"},"modified":"2017-08-18T16:48:53","modified_gmt":"2017-08-18T14:48:53","slug":"datenschutzbelehrung","status":"publish","type":"page","link":"https:\/\/titelschutz.ch\/es\/datenschutzbelehrung\/","title":{"rendered":"Datenschutzbelehrung"},"content":{"rendered":"<ul>\n<li><b>Protecci\u00f3n de datos<\/b><\/li>\n<\/ul>\n<ol>\n<li>El tratamiento de los datos personales del cliente se realiza de conformidad con las leyes de protecci\u00f3n de datos pertinentes, las leyes de telemedios y otras disposiciones legales pertinentes en materia de protecci\u00f3n de datos.<\/li>\n<li>Todos los datos recopilados en el marco de la ejecuci\u00f3n del contrato (datos de inventario), as\u00ed como los datos generados durante el uso (datos de movimiento), se recopilan, almacenan y utilizan con el fin de cumplir el contrato y para fines de facturaci\u00f3n. El uso posterior se realiza de conformidad con el art\u00edculo 7, apartado 2.<\/li>\n<\/ol>","protected":false},"excerpt":{"rendered":"<p>Datenschutz Der Umgang mit den pers\u00f6nlichen Daten des Kunden erfolgt in \u00dcbereinstimmung mit den relevanten Datenschutzgesetzen, Telemediengesetzen sowie sonstigen einschl\u00e4gigen gesetzlichen Datenschutzbestimmungen. [&hellip;]<\/p>\n","protected":false},"author":10,"featured_media":0,"parent":0,"menu_order":0,"comment_status":"closed","ping_status":"closed","template":"","meta":{"footnotes":""},"class_list":["post-434","page","type-page","status-publish","hentry"],"_links":{"self":[{"href":"https:\/\/titelschutz.ch\/es\/wp-json\/wp\/v2\/pages\/434","targetHints":{"allow":["GET"]}}],"collection":[{"href":"https:\/\/titelschutz.ch\/es\/wp-json\/wp\/v2\/pages"}],"about":[{"href":"https:\/\/titelschutz.ch\/es\/wp-json\/wp\/v2\/types\/page"}],"author":[{"embeddable":true,"href":"https:\/\/titelschutz.ch\/es\/wp-json\/wp\/v2\/users\/10"}],"replies":[{"embeddable":true,"href":"https:\/\/titelschutz.ch\/es\/wp-json\/wp\/v2\/comments?post=434"}],"version-history":[{"count":0,"href":"https:\/\/titelschutz.ch\/es\/wp-json\/wp\/v2\/pages\/434\/revisions"}],"wp:attachment":[{"href":"https:\/\/titelschutz.ch\/es\/wp-json\/wp\/v2\/media?parent=434"}],"curies":[{"name":"wp","href":"https:\/\/api.w.org\/{rel}","templated":true}]}}

<ul>
<li><b>Protección de datos</b></li>
</ul>
<ol>
<li>El tratamiento de los datos personales del cliente se realiza de conformidad con las leyes de protección de datos pertinentes, las leyes de telemedios y otras disposiciones legales pertinentes en materia de protección de datos.</li>
<li>Todos los datos recopilados en el marco de la ejecución del contrato (datos de inventario), así como los datos generados durante el uso (datos de movimiento), se recopilan, almacenan y utilizan con el fin de cumplir el contrato y para fines de facturación. El uso posterior se realiza de conformidad con el artículo 7, apartado 2.</li>
</ol>

<p>Datenschutz Der Umgang mit den persönlichen Daten des Kunden erfolgt in Übereinstimmung mit den relevanten Datenschutzgesetzen, Telemediengesetzen sowie sonstigen einschlägigen gesetzlichen Datenschutzbestimmungen. [&hellip;]</p>
