{"id":294870,"date":"2021-03-29T12:07:57","date_gmt":"2021-03-29T10:07:57","guid":{"rendered":"https:\/\/titelschutz.ch\/?post_type=copyright&#038;p=294870"},"modified":"2021-03-29T12:07:57","modified_gmt":"2021-03-29T10:07:57","slug":"nuit-dete-brisee-3","status":"publish","type":"copyright","link":"https:\/\/titelschutz.ch\/fr\/copyright\/scherbensommernacht-3\/","title":{"rendered":"Nuit d'\u00e9t\u00e9 bris\u00e9e"},"template":"","class_list":["post-294870","copyright","type-copyright","status-publish","hentry"],"_links":{"self":[{"href":"https:\/\/titelschutz.ch\/fr\/wp-json\/wp\/v2\/copyright\/294870","targetHints":{"allow":["GET"]}}],"collection":[{"href":"https:\/\/titelschutz.ch\/fr\/wp-json\/wp\/v2\/copyright"}],"about":[{"href":"https:\/\/titelschutz.ch\/fr\/wp-json\/wp\/v2\/types\/copyright"}],"version-history":[{"count":0,"href":"https:\/\/titelschutz.ch\/fr\/wp-json\/wp\/v2\/copyright\/294870\/revisions"}],"wp:attachment":[{"href":"https:\/\/titelschutz.ch\/fr\/wp-json\/wp\/v2\/media?parent=294870"}],"curies":[{"name":"wp","href":"https:\/\/api.w.org\/{rel}","templated":true}]}}

Nuit d'été brisée
