{"id":437,"date":"2017-08-05T18:19:58","date_gmt":"2017-08-05T16:19:58","guid":{"rendered":"https:\/\/staging.titelschutz.ch\/widerrufsbelehrung\/"},"modified":"2020-09-04T05:55:55","modified_gmt":"2020-09-04T03:55:55","slug":"widerrufsbelehrung","status":"publish","type":"page","link":"https:\/\/titelschutz.ch\/it\/widerrufsbelehrung\/","title":{"rendered":"Informativa sul diritto di recesso"},"content":{"rendered":"<ul>\n<li><b>Widerrufsrecht<\/b><\/li>\n<\/ul>\n<ol>\n<li>Se il cliente che effettua l'ordine \u00e8 un consumatore (ovvero una persona fisica che effettua l'ordine per uno scopo che non pu\u00f2 essere attribuito all'attivit\u00e0 commerciale o professionale autonoma), ha diritto di recesso in conformit\u00e0 con le disposizioni di legge.<\/li>\n<li>Ein Widerrufsrecht scheidet aus,\u00a0wenn die Leistung bei Abschluss der Verhandlungen sofort erbracht und bezahlt wird und das vom Verbraucher zu zahlende Entgelt 40,00 Euro (brutto) nicht \u00fcberschreitet oder\u00a0wenn der Auftrag bzw. der bestellte Zusatzservice aufgrund einer individuellen Auswahl oder Bestimmung durch den Kunden erfolgt \u00a0ist oder eindeutig auf die pers\u00f6nlichen Bed\u00fcrfnisse des Kunden zugeschnitten ist.<\/li>\n<\/ol>\n<p><b>Informativa sul diritto di recesso<\/b><\/p>\n<p>Hai il diritto di recedere dal presente contratto entro quattordici giorni senza fornire alcuna motivazione.<\/p>\n<p>Il termine di recesso \u00e8 di quattordici giorni a partire dalla data di stipula del contratto o dalla data in cui voi o un terzo da voi designato, che non sia il vettore, avete preso possesso della merce.<\/p>\n<p>Per esercitare il diritto di recesso, \u00e8 necessario inviarci,<\/p>\n<p>Societ\u00e0 editoriali europee GmbH<br \/>\nRosenbergweg 7a<br \/>\nCH- 6300 Zugo<\/p>\n<p>E-mail: <a href=\"mailto:info@europaeische-verlagsgesellschaften.ch\">info@europaeische-verlagsgesellschaften.ch<\/a><\/p>\n<p>mediante una dichiarazione esplicita (ad esempio una lettera inviata per posta, un fax o un'e-mail) relativa alla vostra decisione di recedere dal presente contratto. Potete utilizzare il modulo di recesso allegato, ma non \u00e8 obbligatorio.<\/p>\n<p>Per rispettare il termine di recesso \u00e8 sufficiente inviare la comunicazione relativa all'esercizio del diritto di recesso prima della scadenza del termine di recesso.<\/p>\n<p><b>Conseguenze della revoca<\/b><\/p>\n<p>Se recedi dal presente contratto, ti rimborseremo tutti i pagamenti che abbiamo ricevuto da te, comprese le spese di consegna (ad eccezione dei costi aggiuntivi derivanti dalla tua scelta di un tipo di consegna diverso dalla consegna standard economica da noi offerta), senza indugio e al pi\u00f9 tardi entro quattordici giorni dal giorno \u00a0in cui abbiamo ricevuto la comunicazione relativa al tuo recesso dal presente contratto. Per tale rimborso utilizzeremo lo stesso mezzo di pagamento da te utilizzato per la transazione originale, salvo diversamente concordato con te; in nessun caso ti saranno addebitati costi per tale rimborso.<\/p>\n<p>Sie haben die Waren unverz\u00fcglich und in jedem Fall sp\u00e4testens binnen vierzehn Tagen ab dem Tag, an dem Sie uns \u00fcber den Widerruf dieses Vertrags unterrichten, an uns (Europ\u00e4ische Verlagsgesellschaften GmbH) zur\u00fcckzusenden oder zu \u00fcbergeben. Die Frist ist gewahrt, wenn Sie die Waren vor Ablauf der Frist von vierzehn Tagen absenden.<\/p>\n<p>I costi diretti della restituzione della merce sono a carico dell'acquirente.<\/p>\n<p>Nel caso di un contratto per la fornitura di servizi:<\/p>\n<p>Se avete richiesto che la prestazione di servizi abbia inizio durante il periodo di recesso, siete tenuti a corrispondere un importo adeguato corrispondente alla quota dei servizi gi\u00e0 forniti fino al momento in cui ci avete comunicato l'esercizio del diritto di recesso dal presente contratto rispetto all'entit\u00e0 complessiva dei servizi previsti dal contratto.<\/p>\n<p><b>Modello di modulo di recesso<\/b><\/p>\n<p>Se desiderate recedere dal contratto, compilate questo modulo e rispeditelo.<\/p>\n<p>A<\/p>\n<p>Societ\u00e0 editoriali europee GmbH<br \/>\nRosenbergweg 7a<br \/>\nCH- 6300 Zugo<\/p>\n<p>E-mail: <a href=\"mailto:info@europaeische-verlagsgesellschaften.ch\">info@europaeische-verlagsgesellschaften.ch<\/a><\/p>\n<p>Con la presente io\/noi (*) recedo\/recediamo dal contratto da me\/noi (+) stipulato per l'acquisto dei seguenti beni (*) la fornitura dei seguenti servizi (*)<\/p>\n<p>Ordinato il (+)\/ ricevuto il (+):<\/p>\n<p>Nome del\/dei consumatore\/i:<\/p>\n<p>Indirizzo del\/dei consumatore\/i:<\/p>\n<p>Firma del\/dei consumatore\/i (solo in caso di comunicazione cartacea)<\/p>\n<p>Data<\/p>\n<p><b>Fine dell'informativa sul diritto di recesso<\/b><\/p>\n<p>Il cliente rinuncia al proprio diritto di recesso,<\/p>\n<ol>\n<li>se l'ordine riguarda la fornitura e la messa a disposizione di dati in formato digitale,<\/li>\n<li>il cliente acconsente espressamente che l'esecuzione del contratto possa avere inizio prima della scadenza del termine di recesso e<\/li>\n<li>il cliente ha confermato di essere a conoscenza del fatto che, con il suo consenso, perder\u00e0 il diritto di recesso all'inizio dell'esecuzione del contratto.<\/li>\n<\/ol>","protected":false},"excerpt":{"rendered":"<p>Widerrufsrecht Handelt es sich bei dem auftraggebenden bzw. bestellenden Kunden um einen Verbraucher (also eine nat\u00fcrliche Person, die die Bestellung zu einem [&hellip;]<\/p>\n","protected":false},"author":10,"featured_media":0,"parent":0,"menu_order":0,"comment_status":"closed","ping_status":"closed","template":"","meta":{"footnotes":""},"class_list":["post-437","page","type-page","status-publish","hentry"],"_links":{"self":[{"href":"https:\/\/titelschutz.ch\/it\/wp-json\/wp\/v2\/pages\/437","targetHints":{"allow":["GET"]}}],"collection":[{"href":"https:\/\/titelschutz.ch\/it\/wp-json\/wp\/v2\/pages"}],"about":[{"href":"https:\/\/titelschutz.ch\/it\/wp-json\/wp\/v2\/types\/page"}],"author":[{"embeddable":true,"href":"https:\/\/titelschutz.ch\/it\/wp-json\/wp\/v2\/users\/10"}],"replies":[{"embeddable":true,"href":"https:\/\/titelschutz.ch\/it\/wp-json\/wp\/v2\/comments?post=437"}],"version-history":[{"count":0,"href":"https:\/\/titelschutz.ch\/it\/wp-json\/wp\/v2\/pages\/437\/revisions"}],"wp:attachment":[{"href":"https:\/\/titelschutz.ch\/it\/wp-json\/wp\/v2\/media?parent=437"}],"curies":[{"name":"wp","href":"https:\/\/api.w.org\/{rel}","templated":true}]}}

<ul>
<li><b>Widerrufsrecht</b></li>
</ul>
<ol>
<li>Se il cliente che effettua l'ordine è un consumatore (ovvero una persona fisica che effettua l'ordine per uno scopo che non può essere attribuito all'attività commerciale o professionale autonoma), ha diritto di recesso in conformità con le disposizioni di legge.</li>
<li>Ein Widerrufsrecht scheidet aus, wenn die Leistung bei Abschluss der Verhandlungen sofort erbracht und bezahlt wird und das vom Verbraucher zu zahlende Entgelt 40,00 Euro (brutto) nicht überschreitet oder wenn der Auftrag bzw. der bestellte Zusatzservice aufgrund einer individuellen Auswahl oder Bestimmung durch den Kunden erfolgt  ist oder eindeutig auf die persönlichen Bedürfnisse des Kunden zugeschnitten ist.</li>
</ol>
<p><b>Informativa sul diritto di recesso</b></p>
<p>Hai il diritto di recedere dal presente contratto entro quattordici giorni senza fornire alcuna motivazione.</p>
<p>Il termine di recesso è di quattordici giorni a partire dalla data di stipula del contratto o dalla data in cui voi o un terzo da voi designato, che non sia il vettore, avete preso possesso della merce.</p>
<p>Per esercitare il diritto di recesso, è necessario inviarci,</p>
<p>Società editoriali europee GmbH<br />
Rosenbergweg 7a<br />
CH- 6300 Zugo</p>
<p>E-mail: <a href="mailto:info@europaeische-verlagsgesellschaften.ch">info@europaeische-verlagsgesellschaften.ch</a></p>
<p>mediante una dichiarazione esplicita (ad esempio una lettera inviata per posta, un fax o un'e-mail) relativa alla vostra decisione di recedere dal presente contratto. Potete utilizzare il modulo di recesso allegato, ma non è obbligatorio.</p>
<p>Per rispettare il termine di recesso è sufficiente inviare la comunicazione relativa all'esercizio del diritto di recesso prima della scadenza del termine di recesso.</p>
<p><b>Conseguenze della revoca</b></p>
<p>Se recedi dal presente contratto, ti rimborseremo tutti i pagamenti che abbiamo ricevuto da te, comprese le spese di consegna (ad eccezione dei costi aggiuntivi derivanti dalla tua scelta di un tipo di consegna diverso dalla consegna standard economica da noi offerta), senza indugio e al più tardi entro quattordici giorni dal giorno  in cui abbiamo ricevuto la comunicazione relativa al tuo recesso dal presente contratto. Per tale rimborso utilizzeremo lo stesso mezzo di pagamento da te utilizzato per la transazione originale, salvo diversamente concordato con te; in nessun caso ti saranno addebitati costi per tale rimborso.</p>
<p>Sie haben die Waren unverzüglich und in jedem Fall spätestens binnen vierzehn Tagen ab dem Tag, an dem Sie uns über den Widerruf dieses Vertrags unterrichten, an uns (Europäische Verlagsgesellschaften GmbH) zurückzusenden oder zu übergeben. Die Frist ist gewahrt, wenn Sie die Waren vor Ablauf der Frist von vierzehn Tagen absenden.</p>
<p>I costi diretti della restituzione della merce sono a carico dell'acquirente.</p>
<p>Nel caso di un contratto per la fornitura di servizi:</p>
<p>Se avete richiesto che la prestazione di servizi abbia inizio durante il periodo di recesso, siete tenuti a corrispondere un importo adeguato corrispondente alla quota dei servizi già forniti fino al momento in cui ci avete comunicato l'esercizio del diritto di recesso dal presente contratto rispetto all'entità complessiva dei servizi previsti dal contratto.</p>
<p><b>Modello di modulo di recesso</b></p>
<p>Se desiderate recedere dal contratto, compilate questo modulo e rispeditelo.</p>
<p>A</p>
<p>Società editoriali europee GmbH<br />
Rosenbergweg 7a<br />
CH- 6300 Zugo</p>
<p>E-mail: <a href="mailto:info@europaeische-verlagsgesellschaften.ch">info@europaeische-verlagsgesellschaften.ch</a></p>
<p>Con la presente io/noi (*) recedo/recediamo dal contratto da me/noi (+) stipulato per l'acquisto dei seguenti beni (*) la fornitura dei seguenti servizi (*)</p>
<p>Ordinato il (+)/ ricevuto il (+):</p>
<p>Nome del/dei consumatore/i:</p>
<p>Indirizzo del/dei consumatore/i:</p>
<p>Firma del/dei consumatore/i (solo in caso di comunicazione cartacea)</p>
<p>Data</p>
<p><b>Fine dell'informativa sul diritto di recesso</b></p>
<p>Il cliente rinuncia al proprio diritto di recesso,</p>
<ol>
<li>se l'ordine riguarda la fornitura e la messa a disposizione di dati in formato digitale,</li>
<li>il cliente acconsente espressamente che l'esecuzione del contratto possa avere inizio prima della scadenza del termine di recesso e</li>
<li>il cliente ha confermato di essere a conoscenza del fatto che, con il suo consenso, perderà il diritto di recesso all'inizio dell'esecuzione del contratto.</li>
</ol>

<p>Widerrufsrecht Handelt es sich bei dem auftraggebenden bzw. bestellenden Kunden um einen Verbraucher (also eine natürliche Person, die die Bestellung zu einem [&hellip;]</p>
