{"id":487,"date":"2017-08-05T19:35:42","date_gmt":"2017-08-05T17:35:42","guid":{"rendered":"https:\/\/staging.titelschutz.ch\/?page_id=487"},"modified":"2017-08-05T19:35:42","modified_gmt":"2017-08-05T17:35:42","slug":"onde-se-aplica-a-protecao-do-titulo","status":"publish","type":"page","link":"https:\/\/titelschutz.ch\/pt\/wo-gilt-titelschutz\/","title":{"rendered":"Onde se aplica a prote\u00e7\u00e3o do t\u00edtulo?"},"content":{"rendered":"<div id=\"pl-487\"  class=\"panel-layout\" ><div id=\"pg-487-0\"  class=\"panel-grid panel-has-style\" ><div style=\"padding: 100px 0; \" data-overlay=\"true\" data-overlay-color=\"#000000\" class=\"panel-row-style panel-row-style-for-487-0\" ><div id=\"pgc-487-0-0\"  class=\"panel-grid-cell panel-grid-cell-empty\" ><\/div><div id=\"pgc-487-0-1\"  class=\"panel-grid-cell panel-grid-cell-mobile-last\" ><div id=\"panel-487-0-1-0\" class=\"so-panel widget widget_sow-editor panel-first-child panel-last-child\" data-index=\"0\" ><div\n\t\t\t\n\t\t\tclass=\"so-widget-sow-editor so-widget-sow-editor-base\"\n\t\t\t\n\t\t>\n<div class=\"siteorigin-widget-tinymce textwidget\">\n\t<p>De acordo com o \u00a7 5, par\u00e1grafo 3, da Lei de Marcas (MarkenG) alem\u00e3, a prote\u00e7\u00e3o do t\u00edtulo se aplica a todas as obras distribu\u00eddas na Alemanha. Na \u00e1rea internacional de l\u00edngua alem\u00e3, existem diferentes regulamenta\u00e7\u00f5es para t\u00edtulos e prote\u00e7\u00e3o de t\u00edtulos, portanto, em caso de distribui\u00e7\u00e3o internacional, voc\u00ea deve se informar detalhadamente sobre a situa\u00e7\u00e3o jur\u00eddica do pa\u00eds de destino. A \u00c1ustria, por exemplo, segue o \u00a7 9 da Lei contra a Concorr\u00eancia Desleal (UWG).<br \/>\nO t\u00edtulo protegido pode ser mencionado e divulgado publicamente por terceiros a qualquer momento em rela\u00e7\u00e3o \u00e0 obra designada. Ap\u00f3s o registro da prote\u00e7\u00e3o, apenas outras obras do mesmo ramo comercial n\u00e3o podem mais ter o mesmo t\u00edtulo ou um t\u00edtulo muito semelhante. Em caso de d\u00favida sobre a proximidade comercial das obras designadas, entre em contato diretamente com o detentor do t\u00edtulo. Os autores e editores de t\u00edtulos semelhantes devem registrar por escrito, com anteced\u00eancia, quais s\u00e3o os direitos e em que condi\u00e7\u00f5es eles se aplicam.<\/p>\n<\/div>\n<\/div><\/div><\/div><div id=\"pgc-487-0-2\"  class=\"panel-grid-cell panel-grid-cell-empty\" ><\/div><\/div><\/div><\/div>","protected":false},"excerpt":{"rendered":"<p>Der Titelschutz gilt laut deutschem \u00a7 5 Abs. 3 MarkenG f\u00fcr alle in Deutschland vertriebenen Werke. Im internationalen deutschsprachigen Raum gibt es [&hellip;]<\/p>\n","protected":false},"author":10,"featured_media":0,"parent":0,"menu_order":0,"comment_status":"closed","ping_status":"closed","template":"page-templates\/page_fullwidth.php","meta":{"footnotes":""},"class_list":["post-487","page","type-page","status-publish","hentry"],"_links":{"self":[{"href":"https:\/\/titelschutz.ch\/pt\/wp-json\/wp\/v2\/pages\/487","targetHints":{"allow":["GET"]}}],"collection":[{"href":"https:\/\/titelschutz.ch\/pt\/wp-json\/wp\/v2\/pages"}],"about":[{"href":"https:\/\/titelschutz.ch\/pt\/wp-json\/wp\/v2\/types\/page"}],"author":[{"embeddable":true,"href":"https:\/\/titelschutz.ch\/pt\/wp-json\/wp\/v2\/users\/10"}],"replies":[{"embeddable":true,"href":"https:\/\/titelschutz.ch\/pt\/wp-json\/wp\/v2\/comments?post=487"}],"version-history":[{"count":0,"href":"https:\/\/titelschutz.ch\/pt\/wp-json\/wp\/v2\/pages\/487\/revisions"}],"wp:attachment":[{"href":"https:\/\/titelschutz.ch\/pt\/wp-json\/wp\/v2\/media?parent=487"}],"curies":[{"name":"wp","href":"https:\/\/api.w.org\/{rel}","templated":true}]}}

Onde se aplica a proteção do título?

<div id="pl-487"  class="panel-layout" ><div id="pg-487-0"  class="panel-grid panel-has-style" ><div style="padding: 100px 0; " data-overlay="true" data-overlay-color="#000000" class="panel-row-style panel-row-style-for-487-0" ><div id="pgc-487-0-0"  class="panel-grid-cell panel-grid-cell-empty" ></div><div id="pgc-487-0-1"  class="panel-grid-cell panel-grid-cell-mobile-last" ><div id="panel-487-0-1-0" class="so-panel widget widget_sow-editor panel-first-child panel-last-child" data-index="0" ><div
			
			class="so-widget-sow-editor so-widget-sow-editor-base"
			
		>
<div class="siteorigin-widget-tinymce textwidget">
	<p>De acordo com o § 5, parágrafo 3, da Lei de Marcas (MarkenG) alemã, a proteção do título se aplica a todas as obras distribuídas na Alemanha. Na área internacional de língua alemã, existem diferentes regulamentações para títulos e proteção de títulos, portanto, em caso de distribuição internacional, você deve se informar detalhadamente sobre a situação jurídica do país de destino. A Áustria, por exemplo, segue o § 9 da Lei contra a Concorrência Desleal (UWG).<br />
O título protegido pode ser mencionado e divulgado publicamente por terceiros a qualquer momento em relação à obra designada. Após o registro da proteção, apenas outras obras do mesmo ramo comercial não podem mais ter o mesmo título ou um título muito semelhante. Em caso de dúvida sobre a proximidade comercial das obras designadas, entre em contato diretamente com o detentor do título. Os autores e editores de títulos semelhantes devem registrar por escrito, com antecedência, quais são os direitos e em que condições eles se aplicam.</p>
</div>
</div></div></div><div id="pgc-487-0-2"  class="panel-grid-cell panel-grid-cell-empty" ></div></div></div></div>

<p>Der Titelschutz gilt laut deutschem § 5 Abs. 3 MarkenG für alle in Deutschland vertriebenen Werke. Im internationalen deutschsprachigen Raum gibt es [&hellip;]</p>
