{"id":490,"date":"2017-08-05T19:36:27","date_gmt":"2017-08-05T17:36:27","guid":{"rendered":"https:\/\/staging.titelschutz.ch\/?page_id=490"},"modified":"2017-08-05T19:36:28","modified_gmt":"2017-08-05T17:36:28","slug":"para-que-preciso-de-um-aviso-de-protecao-de-titulo","status":"publish","type":"page","link":"https:\/\/titelschutz.ch\/pt\/wozu-brauche-ich-eine-titelschutzanzeige\/","title":{"rendered":"Para que preciso de um aviso de prote\u00e7\u00e3o de t\u00edtulo?"},"content":{"rendered":"<div id=\"pl-490\"  class=\"panel-layout\" ><div id=\"pg-490-0\"  class=\"panel-grid panel-has-style\" ><div style=\"padding: 100px 0; \" data-overlay=\"true\" data-overlay-color=\"#000000\" class=\"panel-row-style panel-row-style-for-490-0\" ><div id=\"pgc-490-0-0\"  class=\"panel-grid-cell panel-grid-cell-empty\" ><\/div><div id=\"pgc-490-0-1\"  class=\"panel-grid-cell panel-grid-cell-mobile-last\" ><div id=\"panel-490-0-1-0\" class=\"so-panel widget widget_sow-editor panel-first-child panel-last-child\" data-index=\"0\" ><div\n\t\t\t\n\t\t\tclass=\"so-widget-sow-editor so-widget-sow-editor-base\"\n\t\t\t\n\t\t>\n<div class=\"siteorigin-widget-tinymce textwidget\">\n\t<p>A prote\u00e7\u00e3o do t\u00edtulo de uma obra planejada pode ser antecipada com a ajuda do aviso de prote\u00e7\u00e3o de t\u00edtulo. J\u00e1 durante a produ\u00e7\u00e3o ou planejamento de uma obra, o editor ou autor pode garantir seu t\u00edtulo e anunci\u00e1-lo sem reservas e discuti-lo com outras pessoas. O aviso de prote\u00e7\u00e3o de t\u00edtulo impede que t\u00edtulos anunciados sejam adotados por terceiros. A comercializa\u00e7\u00e3o antes da impress\u00e3o \u00e9 assim garantida para a obra em quest\u00e3o e n\u00e3o pode ser utilizada por terceiros para fins alheios. O pr\u00e9-requisito para a prote\u00e7\u00e3o do t\u00edtulo \u00e9 o planejamento efetivo de uma publica\u00e7\u00e3o em breve e o an\u00fancio p\u00fablico correspondente (de acordo com o BGH, senten\u00e7a de 22\/06\/1989 \u2013 I ZR 39\/87). Tamb\u00e9m neste caso, de acordo com a B\u00f6rsenverein, aplica-se a diretriz de um a dois anos at\u00e9 \u00e0 publica\u00e7\u00e3o. Outras fontes estabelecem o prazo para a publica\u00e7\u00e3o iminente de um t\u00edtulo protegido em cinco a seis meses. O prazo depende do meio de comunica\u00e7\u00e3o e do esfor\u00e7o de produ\u00e7\u00e3o associado. Se um t\u00edtulo n\u00e3o estiver dispon\u00edvel mesmo ap\u00f3s um per\u00edodo de tempo mais longo e houver necessidade de uma segunda parte, a prote\u00e7\u00e3o do t\u00edtulo pode caducar.<\/p>\n<\/div>\n<\/div><\/div><\/div><div id=\"pgc-490-0-2\"  class=\"panel-grid-cell panel-grid-cell-empty\" ><\/div><\/div><\/div><\/div>","protected":false},"excerpt":{"rendered":"<p>Der Titelschutz eines geplanten Werkes kann mithilfe der Titelschutzanzeige vorverlegt werden. Schon w\u00e4hrend der Produktion oder Planung eines Werkes kann der Herausgeber [&hellip;]<\/p>\n","protected":false},"author":10,"featured_media":0,"parent":0,"menu_order":0,"comment_status":"closed","ping_status":"closed","template":"page-templates\/page_fullwidth.php","meta":{"footnotes":""},"class_list":["post-490","page","type-page","status-publish","hentry"],"_links":{"self":[{"href":"https:\/\/titelschutz.ch\/pt\/wp-json\/wp\/v2\/pages\/490","targetHints":{"allow":["GET"]}}],"collection":[{"href":"https:\/\/titelschutz.ch\/pt\/wp-json\/wp\/v2\/pages"}],"about":[{"href":"https:\/\/titelschutz.ch\/pt\/wp-json\/wp\/v2\/types\/page"}],"author":[{"embeddable":true,"href":"https:\/\/titelschutz.ch\/pt\/wp-json\/wp\/v2\/users\/10"}],"replies":[{"embeddable":true,"href":"https:\/\/titelschutz.ch\/pt\/wp-json\/wp\/v2\/comments?post=490"}],"version-history":[{"count":0,"href":"https:\/\/titelschutz.ch\/pt\/wp-json\/wp\/v2\/pages\/490\/revisions"}],"wp:attachment":[{"href":"https:\/\/titelschutz.ch\/pt\/wp-json\/wp\/v2\/media?parent=490"}],"curies":[{"name":"wp","href":"https:\/\/api.w.org\/{rel}","templated":true}]}}

Para que preciso de um aviso de proteção de título?

<div id="pl-490"  class="panel-layout" ><div id="pg-490-0"  class="panel-grid panel-has-style" ><div style="padding: 100px 0; " data-overlay="true" data-overlay-color="#000000" class="panel-row-style panel-row-style-for-490-0" ><div id="pgc-490-0-0"  class="panel-grid-cell panel-grid-cell-empty" ></div><div id="pgc-490-0-1"  class="panel-grid-cell panel-grid-cell-mobile-last" ><div id="panel-490-0-1-0" class="so-panel widget widget_sow-editor panel-first-child panel-last-child" data-index="0" ><div
			
			class="so-widget-sow-editor so-widget-sow-editor-base"
			
		>
<div class="siteorigin-widget-tinymce textwidget">
	<p>A proteção do título de uma obra planejada pode ser antecipada com a ajuda do aviso de proteção de título. Já durante a produção ou planejamento de uma obra, o editor ou autor pode garantir seu título e anunciá-lo sem reservas e discuti-lo com outras pessoas. O aviso de proteção de título impede que títulos anunciados sejam adotados por terceiros. A comercialização antes da impressão é assim garantida para a obra em questão e não pode ser utilizada por terceiros para fins alheios. O pré-requisito para a proteção do título é o planejamento efetivo de uma publicação em breve e o anúncio público correspondente (de acordo com o BGH, sentença de 22/06/1989 – I ZR 39/87). Também neste caso, de acordo com a Börsenverein, aplica-se a diretriz de um a dois anos até à publicação. Outras fontes estabelecem o prazo para a publicação iminente de um título protegido em cinco a seis meses. O prazo depende do meio de comunicação e do esforço de produção associado. Se um título não estiver disponível mesmo após um período de tempo mais longo e houver necessidade de uma segunda parte, a proteção do título pode caducar.</p>
</div>
</div></div></div><div id="pgc-490-0-2"  class="panel-grid-cell panel-grid-cell-empty" ></div></div></div></div>

<p>Der Titelschutz eines geplanten Werkes kann mithilfe der Titelschutzanzeige vorverlegt werden. Schon während der Produktion oder Planung eines Werkes kann der Herausgeber [&hellip;]</p>
