{"id":499,"date":"2017-08-05T19:38:46","date_gmt":"2017-08-05T17:38:46","guid":{"rendered":"https:\/\/staging.titelschutz.ch\/?page_id=499"},"modified":"2017-08-05T19:38:46","modified_gmt":"2017-08-05T17:38:46","slug":"por-quanto-tempo-e-valida-uma-notificacao-de-protecao-de-titulo","status":"publish","type":"page","link":"https:\/\/titelschutz.ch\/pt\/wie-lange-ist-eine-titelschutzanzeige-gueltig\/","title":{"rendered":"Por quanto tempo um aviso de prote\u00e7\u00e3o de t\u00edtulo \u00e9 v\u00e1lido?"},"content":{"rendered":"<div id=\"pl-499\"  class=\"panel-layout\" ><div id=\"pg-499-0\"  class=\"panel-grid panel-has-style\" ><div style=\"padding: 100px 0; \" data-overlay=\"true\" data-overlay-color=\"#000000\" class=\"panel-row-style panel-row-style-for-499-0\" ><div id=\"pgc-499-0-0\"  class=\"panel-grid-cell panel-grid-cell-empty\" ><\/div><div id=\"pgc-499-0-1\"  class=\"panel-grid-cell panel-grid-cell-mobile-last\" ><div id=\"panel-499-0-1-0\" class=\"so-panel widget widget_sow-editor panel-first-child panel-last-child\" data-index=\"0\" ><div\n\t\t\t\n\t\t\tclass=\"so-widget-sow-editor so-widget-sow-editor-base\"\n\t\t\t\n\t\t>\n<div class=\"siteorigin-widget-tinymce textwidget\">\n\t<p>A prote\u00e7\u00e3o do t\u00edtulo deve ser registrada, em regra, cinco a seis meses antes da publica\u00e7\u00e3o de uma obra, para que se possa exercer plenamente o direito sobre o t\u00edtulo. Em casos especiais, esse prazo pode ser mais longo, mas, nesse caso, a obra tamb\u00e9m deve ser divulgada com anteced\u00eancia e a produ\u00e7\u00e3o futura ou em andamento deve ser comprovada. Se o t\u00edtulo n\u00e3o for produzido ou publicado dentro de seis meses ap\u00f3s o registro de prote\u00e7\u00e3o, a prote\u00e7\u00e3o pode expirar e terceiros podem registrar uma nova prote\u00e7\u00e3o de t\u00edtulo. <\/p>\n<\/div>\n<\/div><\/div><\/div><div id=\"pgc-499-0-2\"  class=\"panel-grid-cell panel-grid-cell-empty\" ><\/div><\/div><\/div><\/div>","protected":false},"excerpt":{"rendered":"<p>Der Titelschutz sollte in der Regel f\u00fcnf bis sechs Monate vor der Ver\u00f6ffentlichung eines Werkes angemeldet werden, um vollen Anspruch auf den [&hellip;]<\/p>\n","protected":false},"author":10,"featured_media":0,"parent":0,"menu_order":0,"comment_status":"closed","ping_status":"closed","template":"page-templates\/page_fullwidth.php","meta":{"footnotes":""},"class_list":["post-499","page","type-page","status-publish","hentry"],"_links":{"self":[{"href":"https:\/\/titelschutz.ch\/pt\/wp-json\/wp\/v2\/pages\/499","targetHints":{"allow":["GET"]}}],"collection":[{"href":"https:\/\/titelschutz.ch\/pt\/wp-json\/wp\/v2\/pages"}],"about":[{"href":"https:\/\/titelschutz.ch\/pt\/wp-json\/wp\/v2\/types\/page"}],"author":[{"embeddable":true,"href":"https:\/\/titelschutz.ch\/pt\/wp-json\/wp\/v2\/users\/10"}],"replies":[{"embeddable":true,"href":"https:\/\/titelschutz.ch\/pt\/wp-json\/wp\/v2\/comments?post=499"}],"version-history":[{"count":0,"href":"https:\/\/titelschutz.ch\/pt\/wp-json\/wp\/v2\/pages\/499\/revisions"}],"wp:attachment":[{"href":"https:\/\/titelschutz.ch\/pt\/wp-json\/wp\/v2\/media?parent=499"}],"curies":[{"name":"wp","href":"https:\/\/api.w.org\/{rel}","templated":true}]}}

Por quanto tempo um aviso de proteção de título é válido?

<div id="pl-499"  class="panel-layout" ><div id="pg-499-0"  class="panel-grid panel-has-style" ><div style="padding: 100px 0; " data-overlay="true" data-overlay-color="#000000" class="panel-row-style panel-row-style-for-499-0" ><div id="pgc-499-0-0"  class="panel-grid-cell panel-grid-cell-empty" ></div><div id="pgc-499-0-1"  class="panel-grid-cell panel-grid-cell-mobile-last" ><div id="panel-499-0-1-0" class="so-panel widget widget_sow-editor panel-first-child panel-last-child" data-index="0" ><div
			
			class="so-widget-sow-editor so-widget-sow-editor-base"
			
		>
<div class="siteorigin-widget-tinymce textwidget">
	<p>A proteção do título deve ser registrada, em regra, cinco a seis meses antes da publicação de uma obra, para que se possa exercer plenamente o direito sobre o título. Em casos especiais, esse prazo pode ser mais longo, mas, nesse caso, a obra também deve ser divulgada com antecedência e a produção futura ou em andamento deve ser comprovada. Se o título não for produzido ou publicado dentro de seis meses após o registro de proteção, a proteção pode expirar e terceiros podem registrar uma nova proteção de título. </p>
</div>
</div></div></div><div id="pgc-499-0-2"  class="panel-grid-cell panel-grid-cell-empty" ></div></div></div></div>

<p>Der Titelschutz sollte in der Regel fünf bis sechs Monate vor der Veröffentlichung eines Werkes angemeldet werden, um vollen Anspruch auf den [&hellip;]</p>
