{"id":2887,"date":"2018-09-16T17:47:50","date_gmt":"2018-09-16T15:47:50","guid":{"rendered":"https:\/\/staging.titelschutz.ch\/copyright\/das-kleine-grau-2\/"},"modified":"2018-09-16T17:47:50","modified_gmt":"2018-09-16T15:47:50","slug":"das-kleine-grau-2","status":"publish","type":"copyright","link":"https:\/\/titelschutz.ch\/tr\/copyright\/das-kleine-grau-2\/","title":{"rendered":"k\u00fc\u00e7\u00fck gri"},"template":"","class_list":["post-2887","copyright","type-copyright","status-publish","hentry"],"_links":{"self":[{"href":"https:\/\/titelschutz.ch\/tr\/wp-json\/wp\/v2\/copyright\/2887","targetHints":{"allow":["GET"]}}],"collection":[{"href":"https:\/\/titelschutz.ch\/tr\/wp-json\/wp\/v2\/copyright"}],"about":[{"href":"https:\/\/titelschutz.ch\/tr\/wp-json\/wp\/v2\/types\/copyright"}],"version-history":[{"count":0,"href":"https:\/\/titelschutz.ch\/tr\/wp-json\/wp\/v2\/copyright\/2887\/revisions"}],"wp:attachment":[{"href":"https:\/\/titelschutz.ch\/tr\/wp-json\/wp\/v2\/media?parent=2887"}],"curies":[{"name":"wp","href":"https:\/\/api.w.org\/{rel}","templated":true}]}}

küçük gri
