{"id":322786,"date":"2021-04-29T12:52:43","date_gmt":"2021-04-29T10:52:43","guid":{"rendered":"https:\/\/titelschutz.ch\/?post_type=copyright&#038;p=322786"},"modified":"2021-04-29T12:52:43","modified_gmt":"2021-04-29T10:52:43","slug":"kuecuek-ruh-mona-2","status":"publish","type":"copyright","link":"https:\/\/titelschutz.ch\/tr\/copyright\/die-kleine-seele-mona-2\/","title":{"rendered":"K\u00fc\u00e7\u00fck ruh Mona"},"template":"","class_list":["post-322786","copyright","type-copyright","status-publish","hentry"],"_links":{"self":[{"href":"https:\/\/titelschutz.ch\/tr\/wp-json\/wp\/v2\/copyright\/322786","targetHints":{"allow":["GET"]}}],"collection":[{"href":"https:\/\/titelschutz.ch\/tr\/wp-json\/wp\/v2\/copyright"}],"about":[{"href":"https:\/\/titelschutz.ch\/tr\/wp-json\/wp\/v2\/types\/copyright"}],"version-history":[{"count":0,"href":"https:\/\/titelschutz.ch\/tr\/wp-json\/wp\/v2\/copyright\/322786\/revisions"}],"wp:attachment":[{"href":"https:\/\/titelschutz.ch\/tr\/wp-json\/wp\/v2\/media?parent=322786"}],"curies":[{"name":"wp","href":"https:\/\/api.w.org\/{rel}","templated":true}]}}

Küçük ruh Mona
