{"id":434,"date":"2017-08-05T18:19:58","date_gmt":"2017-08-05T16:19:58","guid":{"rendered":"https:\/\/staging.titelschutz.ch\/datenschutzbelehrung\/"},"modified":"2017-08-18T16:48:53","modified_gmt":"2017-08-18T14:48:53","slug":"datenschutzbelehrung","status":"publish","type":"page","link":"https:\/\/titelschutz.ch\/tr\/datenschutzbelehrung\/","title":{"rendered":"Datenschutzbelehrung"},"content":{"rendered":"<ul>\n<li><b>Veri koruma<\/b><\/li>\n<\/ul>\n<ol>\n<li>M\u00fc\u015fterinin ki\u015fisel verileri, ilgili veri koruma yasalar\u0131, telemedia yasalar\u0131 ve di\u011fer ilgili yasal veri koruma h\u00fck\u00fcmlerine uygun olarak i\u015flenir.<\/li>\n<li>S\u00f6zle\u015fmenin yerine getirilmesi kapsam\u0131nda toplanan t\u00fcm veriler (envanter verileri) ve kullan\u0131m s\u0131ras\u0131nda ortaya \u00e7\u0131kan veriler (hareket verileri), s\u00f6zle\u015fmenin yerine getirilmesi ve faturaland\u0131rma amac\u0131yla toplan\u0131r, saklan\u0131r ve kullan\u0131l\u0131r. Di\u011fer kullan\u0131mlar \u00a7 7 Madde 2 uyar\u0131nca ger\u00e7ekle\u015ftirilir.<\/li>\n<\/ol>","protected":false},"excerpt":{"rendered":"<p>Datenschutz Der Umgang mit den pers\u00f6nlichen Daten des Kunden erfolgt in \u00dcbereinstimmung mit den relevanten Datenschutzgesetzen, Telemediengesetzen sowie sonstigen einschl\u00e4gigen gesetzlichen Datenschutzbestimmungen. [&hellip;]<\/p>\n","protected":false},"author":10,"featured_media":0,"parent":0,"menu_order":0,"comment_status":"closed","ping_status":"closed","template":"","meta":{"footnotes":""},"class_list":["post-434","page","type-page","status-publish","hentry"],"_links":{"self":[{"href":"https:\/\/titelschutz.ch\/tr\/wp-json\/wp\/v2\/pages\/434","targetHints":{"allow":["GET"]}}],"collection":[{"href":"https:\/\/titelschutz.ch\/tr\/wp-json\/wp\/v2\/pages"}],"about":[{"href":"https:\/\/titelschutz.ch\/tr\/wp-json\/wp\/v2\/types\/page"}],"author":[{"embeddable":true,"href":"https:\/\/titelschutz.ch\/tr\/wp-json\/wp\/v2\/users\/10"}],"replies":[{"embeddable":true,"href":"https:\/\/titelschutz.ch\/tr\/wp-json\/wp\/v2\/comments?post=434"}],"version-history":[{"count":0,"href":"https:\/\/titelschutz.ch\/tr\/wp-json\/wp\/v2\/pages\/434\/revisions"}],"wp:attachment":[{"href":"https:\/\/titelschutz.ch\/tr\/wp-json\/wp\/v2\/media?parent=434"}],"curies":[{"name":"wp","href":"https:\/\/api.w.org\/{rel}","templated":true}]}}

<ul>
<li><b>Veri koruma</b></li>
</ul>
<ol>
<li>Müşterinin kişisel verileri, ilgili veri koruma yasaları, telemedia yasaları ve diğer ilgili yasal veri koruma hükümlerine uygun olarak işlenir.</li>
<li>Sözleşmenin yerine getirilmesi kapsamında toplanan tüm veriler (envanter verileri) ve kullanım sırasında ortaya çıkan veriler (hareket verileri), sözleşmenin yerine getirilmesi ve faturalandırma amacıyla toplanır, saklanır ve kullanılır. Diğer kullanımlar § 7 Madde 2 uyarınca gerçekleştirilir.</li>
</ol>

<p>Datenschutz Der Umgang mit den persönlichen Daten des Kunden erfolgt in Übereinstimmung mit den relevanten Datenschutzgesetzen, Telemediengesetzen sowie sonstigen einschlägigen gesetzlichen Datenschutzbestimmungen. [&hellip;]</p>
